{"id":17,"date":"2020-10-17T15:30:17","date_gmt":"2020-10-17T15:30:17","guid":{"rendered":"http:\/\/psicologopaulodesignecombr.priscilade.dominiotemporario.com\/?page_id=17"},"modified":"2025-10-03T00:49:54","modified_gmt":"2025-10-03T00:49:54","slug":"sobre-mim","status":"publish","type":"page","link":"https:\/\/psicologopaulodesigne.com.br\/index.php\/sobre-mim\/","title":{"rendered":"Sobre Mim"},"content":{"rendered":"<p>Graduado em Psicologia;<\/p>\n<p>P\u00f3s graduando em TCC &#8211; Terapia Cognitivo Comportamental USCS<\/p>\n<ul>\n<li>\n<p style=\"font-style: normal;\"><b>Precisa de um psic\u00f3logo com experi\u00eancia que realmente entende voc\u00ea?<\/b><\/p>\n<p style=\"font-style: normal;\">Com uma\u00a0<b>s\u00f3lida e longa trajet\u00f3ria na Psicologia<\/b>\u00a0e na \u00e1rea de desenvolvimento humano, eu ofere\u00e7o um atendimento pautado na\u00a0<b>Terapia Cognitivo Comportamental (TCC)<\/b>, uma das abordagens mais eficazes para promover mudan\u00e7as duradouras.<\/p>\n<p style=\"font-style: normal;\">\u00a0<\/p>\n<\/li>\n<\/ul>\n<p><img loading=\"lazy\" decoding=\"async\" src=\"https:\/\/psicologopaulodesigne.com.br\/wp-content\/uploads\/2020\/10\/IMG_8659-855x1024.jpg\" sizes=\"auto, (max-width: 660px) 100vw, 660px\" srcset=\"https:\/\/psicologopaulodesigne.com.br\/wp-content\/uploads\/2020\/10\/IMG_8659-855x1024.jpg 855w, https:\/\/psicologopaulodesigne.com.br\/wp-content\/uploads\/2020\/10\/IMG_8659-251x300.jpg 251w, https:\/\/psicologopaulodesigne.com.br\/wp-content\/uploads\/2020\/10\/IMG_8659-768x919.jpg 768w, https:\/\/psicologopaulodesigne.com.br\/wp-content\/uploads\/2020\/10\/IMG_8659-1283x1536.jpg 1283w, https:\/\/psicologopaulodesigne.com.br\/wp-content\/uploads\/2020\/10\/IMG_8659-600x718.jpg 600w, https:\/\/psicologopaulodesigne.com.br\/wp-content\/uploads\/2020\/10\/IMG_8659.jpg 1436w\" alt=\"\" width=\"660\" height=\"790\" \/><\/p>\n<p>Minha forma\u00e7\u00e3o inclui <b>P\u00f3s-gradua\u00e7\u00e3o em TCC pela USCS<\/b>\u00a0e um background robusto em\u00a0<b>Administra\u00e7\u00e3o de Empresas e Marketing (ESPM)<\/b>, o que me confere uma vis\u00e3o ampla das demandas pessoais e profissionais.<\/p>\n<ul style=\"caret-color: #000000; color: #000000; font-style: normal;\">\n<li>\n<p style=\"font-style: normal;\">Sou especialista em\u00a0<b>recoloca\u00e7\u00e3o profissional (Outplacement)<\/b>\u00a0pela Catho e tenho\u00a0<b>vasta experi\u00eancia em treinamento empresarial<\/b>, tendo atuado na multinacional Nestl\u00e9 e ministrado in\u00fameros cursos e palestras em diversas empresas e faculdades. Minha participa\u00e7\u00e3o ativa em congressos da ABOP e outros eventos da \u00e1rea garante que estou sempre atualizado com as melhores pr\u00e1ticas.<\/p>\n<\/li>\n<li>Atuo tamb\u00e9m em <strong>terapia e treinamentos corporativos voltados ao atendimento da NR1<\/strong>, apoiando organiza\u00e7\u00f5es a promoverem a sa\u00fade mental, o bem-estar dos colaboradores e o cumprimento das exig\u00eancias legais relacionadas \u00e0 capacita\u00e7\u00e3o em seguran\u00e7a e sa\u00fade no trabalho.<\/li>\n<\/ul>\n<h2><strong style=\"font-family: Roboto, sans-serif; font-size: 15px; font-style: normal;\">\u00a0<\/strong><b>Se voc\u00ea busca um profissional com conhecimento aprofundado e comprovada capacidade de ajudar no seu desenvolvimento pessoal e profissional.<\/b><\/h2>\n\n\n<p><\/p>\n","protected":false},"excerpt":{"rendered":"<p>Graduado em Psicologia; P\u00f3s graduando em TCC &#8211; Terapia Cognitivo Comportamental USCS Precisa de um psic\u00f3logo com experi\u00eancia que realmente entende voc\u00ea? Com uma\u00a0s\u00f3lida e longa trajet\u00f3ria na Psicologia\u00a0e na \u00e1rea de desenvolvimento humano, eu ofere\u00e7o um atendimento pautado na\u00a0Terapia Cognitivo Comportamental (TCC), uma das abordagens mais eficazes para promover mudan\u00e7as duradouras. \u00a0 Minha forma\u00e7\u00e3o [&hellip;]<\/p>\n","protected":false},"author":2,"featured_media":0,"parent":0,"menu_order":0,"comment_status":"closed","ping_status":"closed","template":"","meta":{"footnotes":""},"class_list":["post-17","page","type-page","status-publish","hentry"],"_links":{"self":[{"href":"https:\/\/psicologopaulodesigne.com.br\/index.php\/wp-json\/wp\/v2\/pages\/17","targetHints":{"allow":["GET"]}}],"collection":[{"href":"https:\/\/psicologopaulodesigne.com.br\/index.php\/wp-json\/wp\/v2\/pages"}],"about":[{"href":"https:\/\/psicologopaulodesigne.com.br\/index.php\/wp-json\/wp\/v2\/types\/page"}],"author":[{"embeddable":true,"href":"https:\/\/psicologopaulodesigne.com.br\/index.php\/wp-json\/wp\/v2\/users\/2"}],"replies":[{"embeddable":true,"href":"https:\/\/psicologopaulodesigne.com.br\/index.php\/wp-json\/wp\/v2\/comments?post=17"}],"version-history":[{"count":2,"href":"https:\/\/psicologopaulodesigne.com.br\/index.php\/wp-json\/wp\/v2\/pages\/17\/revisions"}],"predecessor-version":[{"id":489,"href":"https:\/\/psicologopaulodesigne.com.br\/index.php\/wp-json\/wp\/v2\/pages\/17\/revisions\/489"}],"wp:attachment":[{"href":"https:\/\/psicologopaulodesigne.com.br\/index.php\/wp-json\/wp\/v2\/media?parent=17"}],"curies":[{"name":"wp","href":"https:\/\/api.w.org\/{rel}","templated":true}]}}

<p>Graduado em Psicologia;</p>
<p>Pós graduando em TCC &#8211; Terapia Cognitivo Comportamental USCS</p>
<ul>
<li>
<p style="font-style: normal;"><b>Precisa de um psicólogo com experiência que realmente entende você?</b></p>
<p style="font-style: normal;">Com uma <b>sólida e longa trajetória na Psicologia</b> e na área de desenvolvimento humano, eu ofereço um atendimento pautado na <b>Terapia Cognitivo Comportamental (TCC)</b>, uma das abordagens mais eficazes para promover mudanças duradouras.</p>
<p style="font-style: normal;"> </p>
</li>
</ul>
<p><img loading="lazy" decoding="async" src="https://psicologopaulodesigne.com.br/wp-content/uploads/2020/10/IMG_8659-855x1024.jpg" sizes="auto, (max-width: 660px) 100vw, 660px" srcset="https://psicologopaulodesigne.com.br/wp-content/uploads/2020/10/IMG_8659-855x1024.jpg 855w, https://psicologopaulodesigne.com.br/wp-content/uploads/2020/10/IMG_8659-251x300.jpg 251w, https://psicologopaulodesigne.com.br/wp-content/uploads/2020/10/IMG_8659-768x919.jpg 768w, https://psicologopaulodesigne.com.br/wp-content/uploads/2020/10/IMG_8659-1283x1536.jpg 1283w, https://psicologopaulodesigne.com.br/wp-content/uploads/2020/10/IMG_8659-600x718.jpg 600w, https://psicologopaulodesigne.com.br/wp-content/uploads/2020/10/IMG_8659.jpg 1436w" alt="" width="660" height="790" /></p>
<p>Minha formação inclui <b>Pós-graduação em TCC pela USCS</b> e um background robusto em <b>Administração de Empresas e Marketing (ESPM)</b>, o que me confere uma visão ampla das demandas pessoais e profissionais.</p>
<ul style="caret-color: #000000; color: #000000; font-style: normal;">
<li>
<p style="font-style: normal;">Sou especialista em <b>recolocação profissional (Outplacement)</b> pela Catho e tenho <b>vasta experiência em treinamento empresarial</b>, tendo atuado na multinacional Nestlé e ministrado inúmeros cursos e palestras em diversas empresas e faculdades. Minha participação ativa em congressos da ABOP e outros eventos da área garante que estou sempre atualizado com as melhores práticas.</p>
</li>
<li>Atuo também em <strong>terapia e treinamentos corporativos voltados ao atendimento da NR1</strong>, apoiando organizações a promoverem a saúde mental, o bem-estar dos colaboradores e o cumprimento das exigências legais relacionadas à capacitação em segurança e saúde no trabalho.</li>
</ul>
<h2><strong style="font-family: Roboto, sans-serif; font-size: 15px; font-style: normal;"> </strong><b>Se você busca um profissional com conhecimento aprofundado e comprovada capacidade de ajudar no seu desenvolvimento pessoal e profissional.</b></h2>


<p></p>

<p>Graduado em Psicologia; Pós graduando em TCC &#8211; Terapia Cognitivo Comportamental USCS Precisa de um psicólogo com experiência que realmente entende você? Com uma sólida e longa trajetória na Psicologia e na área de desenvolvimento humano, eu ofereço um atendimento pautado na Terapia Cognitivo Comportamental (TCC), uma das abordagens mais eficazes para promover mudanças duradouras.   Minha formação [&hellip;]</p>
