{"id":430,"date":"2016-05-10T03:48:21","date_gmt":"2016-05-10T03:48:21","guid":{"rendered":"http:\/\/psicologopaulodesigne.com.br\/?page_id=2"},"modified":"2025-10-03T01:20:32","modified_gmt":"2025-10-03T01:20:32","slug":"orientacao-profissional","status":"publish","type":"page","link":"https:\/\/psicologopaulodesigne.com.br\/index.php\/orientacao-profissional\/","title":{"rendered":"Orienta\u00e7\u00e3o Profissional \/ Vocacional"},"content":{"rendered":"<p>H\u00e1 v\u00e1rios momentos em nossa vida que precisamos tomar uma\u00a0decis\u00e3o.<br \/>Fazer uma op\u00e7\u00e3o pressup\u00f5e que as outras possibilidades\u00a0foram deixadas de lado.<br \/>A primeira grande decis\u00e3o da vida de um jovem\/adolescente\u00a0acontece quando chega o momento de escolher sua futura\u00a0profiss\u00e3o.<\/p>\n<p>Dados estat\u00edsticos mostram que cerca de 73% dos\u00a0profissionais brasileiros est\u00e3o insatisfeitos com sua profiss\u00e3o por\u00a0isso procuram ajuda a um profissional da \u00e1rea da psicologia.<br \/>Durante as sess\u00f5es de Orienta\u00e7\u00e3o Profissional (O.P.), o psic\u00f3logo poder\u00e1 ajudar o indiv\u00edduo a se auto-conhecer e buscar novas informa\u00e7\u00f5es mudando certos paradigmas que o atrapalham e impedem de fazer uma escolha assertiva. \u00c9 com uma boa metodologia que o Psic\u00f3logo Orientador Profissional, \u00a0pode ajudar seu cliente a enxergar mais longe se autoconhecendo, auxili\u00e1-lo a descobrir quais s\u00e3o suas aptid\u00f5es, al\u00e9m de lev\u00e1-lo a separar o que \u00e9 realidade e o que \u00e9 fantasia. O papel do profissional de Psicologia jamais \u00e9 decidir qual a profiss\u00e3o escolher porque esta decis\u00e3o \u00e9 totalmente do indiv\u00edduo.<\/p>\n<p>\u00c9 muito importante que os pais entendam que o filho precisa se\u00a0sentir feliz na profiss\u00e3o que escolher, por isso esta decis\u00e3o deve\u00a0ser totalmente do adolescente. Uma m\u00e1 escolha pode trazer muitas\u00a0vezes insatisfa\u00e7\u00f5es e desist\u00eancia durante o curso, gerando perda\u00a0de tempo e custos desnecess\u00e1rios. Mesmo sendo menor de 18\u00a0anos de idade ele precisa ter a responsabilidade de fazer a sua\u00a0escolha.<\/p>\n<p>PAULO DESIGNE &#8211; Orienta\u00e7\u00e3o profissional \/ Vocacional<\/p>\n\n\n<p><\/p>\n\n\n<div style=\"width: 640px;\" class=\"wp-video\"><video class=\"wp-video-shortcode\" id=\"video-430-1\" width=\"640\" height=\"360\" preload=\"metadata\" controls=\"controls\"><source type=\"video\/mp4\" src=\"https:\/\/psicologopaulodesigne.com.br\/wp-content\/uploads\/2020\/10\/Video-Paulo-Designe.mp4?_=1\" \/><a href=\"https:\/\/psicologopaulodesigne.com.br\/wp-content\/uploads\/2020\/10\/Video-Paulo-Designe.mp4\">https:\/\/psicologopaulodesigne.com.br\/wp-content\/uploads\/2020\/10\/Video-Paulo-Designe.mp4<\/a><\/video><\/div>","protected":false},"excerpt":{"rendered":"<p>H\u00e1 v\u00e1rios momentos em nossa vida que precisamos tomar uma\u00a0decis\u00e3o.Fazer uma op\u00e7\u00e3o pressup\u00f5e que as outras possibilidades\u00a0foram deixadas de lado.A primeira grande decis\u00e3o da vida de um jovem\/adolescente\u00a0acontece quando chega o momento de escolher sua futura\u00a0profiss\u00e3o. Dados estat\u00edsticos mostram que cerca de 73% dos\u00a0profissionais brasileiros est\u00e3o insatisfeitos com sua profiss\u00e3o por\u00a0isso procuram ajuda a um [&hellip;]<\/p>\n","protected":false},"author":2,"featured_media":0,"parent":0,"menu_order":0,"comment_status":"closed","ping_status":"closed","template":"","meta":{"footnotes":""},"class_list":["post-430","page","type-page","status-publish","hentry"],"_links":{"self":[{"href":"https:\/\/psicologopaulodesigne.com.br\/index.php\/wp-json\/wp\/v2\/pages\/430","targetHints":{"allow":["GET"]}}],"collection":[{"href":"https:\/\/psicologopaulodesigne.com.br\/index.php\/wp-json\/wp\/v2\/pages"}],"about":[{"href":"https:\/\/psicologopaulodesigne.com.br\/index.php\/wp-json\/wp\/v2\/types\/page"}],"author":[{"embeddable":true,"href":"https:\/\/psicologopaulodesigne.com.br\/index.php\/wp-json\/wp\/v2\/users\/2"}],"replies":[{"embeddable":true,"href":"https:\/\/psicologopaulodesigne.com.br\/index.php\/wp-json\/wp\/v2\/comments?post=430"}],"version-history":[{"count":3,"href":"https:\/\/psicologopaulodesigne.com.br\/index.php\/wp-json\/wp\/v2\/pages\/430\/revisions"}],"predecessor-version":[{"id":498,"href":"https:\/\/psicologopaulodesigne.com.br\/index.php\/wp-json\/wp\/v2\/pages\/430\/revisions\/498"}],"wp:attachment":[{"href":"https:\/\/psicologopaulodesigne.com.br\/index.php\/wp-json\/wp\/v2\/media?parent=430"}],"curies":[{"name":"wp","href":"https:\/\/api.w.org\/{rel}","templated":true}]}}