{"id":68,"date":"2020-10-17T16:57:46","date_gmt":"2020-10-17T16:57:46","guid":{"rendered":"http:\/\/psicologopaulodesignecombr.priscilade.dominiotemporario.com\/?page_id=68"},"modified":"2020-10-17T16:57:46","modified_gmt":"2020-10-17T16:57:46","slug":"duvidas-frequentes","status":"publish","type":"page","link":"https:\/\/psicologopaulodesigne.com.br\/index.php\/duvidas-frequentes\/","title":{"rendered":"D\u00favidas Frequentes"},"content":{"rendered":"<ul>\n<li>Qual \u00e9 o tempo de cada sess\u00e3o?<br \/>As sess\u00f5es tem 50 minutos de dura\u00e7\u00e3o e ocorrem semanalmente, sempre\u00a0no mesmo dia e hor\u00e1rio.<\/li>\n<\/ul>\n<p>\u00a0<\/p>\n<ul>\n<li>Qual \u00e9 o n\u00famero de sess\u00f5es?<br \/>N\u00e3o h\u00e1 um n\u00famero fixo de sess\u00f5es, depende de cada paciente e de cada\u00a0situa\u00e7\u00e3o e hist\u00f3ria de vida que ele tem. A preocupa\u00e7\u00e3o \u00e9 tratar e respeitar o\u00a0paciente e na medida que v\u00e3o avan\u00e7ando o n\u00famero de sess\u00f5es v\u00e3o\u00a0surgindo situa\u00e7\u00f5es que poder\u00e3o adiantar o postergar o n\u00famero.<br \/>No caso de Orienta\u00e7\u00e3o Profissional\/Vocacional normalmente s\u00e3o 10\u00a0sess\u00f5es.<\/li>\n<\/ul>\n<p>\u00a0<\/p>\n<ul>\n<li>Pode ser preservado o sigilo?<br \/>Sem d\u00favida alguma \u00e9 obriga\u00e7\u00e3o e faz parte do C\u00f3digo de \u00c9tica dos\u00a0Psic\u00f3logos manter o sigilo absoluto, exceto se o psic\u00f3logo souber que seu\u00a0paciente est\u00e1 correndo risco de vida.<br \/>Lembrando que n\u00e3o h\u00e1 julgamentos ou pr\u00e9-conceitos permitindo que a\u00a0pessoa se sinta \u00e0 vontade para se expressar e falar sobre os seus medos e\u00a0ang\u00fastias muitas vezes guardadas para si.<br \/>A psicoterapia quando utilizada como preven\u00e7\u00e3o auxilia no\u00a0autoconhecimento e desenvolvimento humano, ajudando no crescimento\u00a0pessoal e relacionamento interpessoal do indiv\u00edduo.<\/li>\n<\/ul>\n","protected":false},"excerpt":{"rendered":"<p>Qual \u00e9 o tempo de cada sess\u00e3o?As sess\u00f5es tem 50 minutos de dura\u00e7\u00e3o e ocorrem semanalmente, sempre\u00a0no mesmo dia e hor\u00e1rio. \u00a0 Qual \u00e9 o n\u00famero de sess\u00f5es?N\u00e3o h\u00e1 um n\u00famero fixo de sess\u00f5es, depende de cada paciente e de cada\u00a0situa\u00e7\u00e3o e hist\u00f3ria de vida que ele tem. A preocupa\u00e7\u00e3o \u00e9 tratar e respeitar o\u00a0paciente [&hellip;]<\/p>\n","protected":false},"author":2,"featured_media":0,"parent":0,"menu_order":0,"comment_status":"closed","ping_status":"closed","template":"","meta":{"footnotes":""},"class_list":["post-68","page","type-page","status-publish","hentry"],"_links":{"self":[{"href":"https:\/\/psicologopaulodesigne.com.br\/index.php\/wp-json\/wp\/v2\/pages\/68","targetHints":{"allow":["GET"]}}],"collection":[{"href":"https:\/\/psicologopaulodesigne.com.br\/index.php\/wp-json\/wp\/v2\/pages"}],"about":[{"href":"https:\/\/psicologopaulodesigne.com.br\/index.php\/wp-json\/wp\/v2\/types\/page"}],"author":[{"embeddable":true,"href":"https:\/\/psicologopaulodesigne.com.br\/index.php\/wp-json\/wp\/v2\/users\/2"}],"replies":[{"embeddable":true,"href":"https:\/\/psicologopaulodesigne.com.br\/index.php\/wp-json\/wp\/v2\/comments?post=68"}],"version-history":[{"count":0,"href":"https:\/\/psicologopaulodesigne.com.br\/index.php\/wp-json\/wp\/v2\/pages\/68\/revisions"}],"wp:attachment":[{"href":"https:\/\/psicologopaulodesigne.com.br\/index.php\/wp-json\/wp\/v2\/media?parent=68"}],"curies":[{"name":"wp","href":"https:\/\/api.w.org\/{rel}","templated":true}]}}

Dúvidas Frequentes

<ul>
<li>Qual é o tempo de cada sessão?<br />As sessões tem 50 minutos de duração e ocorrem semanalmente, sempre no mesmo dia e horário.</li>
</ul>
<p> </p>
<ul>
<li>Qual é o número de sessões?<br />Não há um número fixo de sessões, depende de cada paciente e de cada situação e história de vida que ele tem. A preocupação é tratar e respeitar o paciente e na medida que vão avançando o número de sessões vão surgindo situações que poderão adiantar o postergar o número.<br />No caso de Orientação Profissional/Vocacional normalmente são 10 sessões.</li>
</ul>
<p> </p>
<ul>
<li>Pode ser preservado o sigilo?<br />Sem dúvida alguma é obrigação e faz parte do Código de Ética dos Psicólogos manter o sigilo absoluto, exceto se o psicólogo souber que seu paciente está correndo risco de vida.<br />Lembrando que não há julgamentos ou pré-conceitos permitindo que a pessoa se sinta à vontade para se expressar e falar sobre os seus medos e angústias muitas vezes guardadas para si.<br />A psicoterapia quando utilizada como prevenção auxilia no autoconhecimento e desenvolvimento humano, ajudando no crescimento pessoal e relacionamento interpessoal do indivíduo.</li>
</ul>

<p>Qual é o tempo de cada sessão?As sessões tem 50 minutos de duração e ocorrem semanalmente, sempre no mesmo dia e horário.   Qual é o número de sessões?Não há um número fixo de sessões, depende de cada paciente e de cada situação e história de vida que ele tem. A preocupação é tratar e respeitar o paciente [&hellip;]</p>
